50?
True
Is 16 a factor of 23088?
True
Is 10 a factor of 25111?
False
Does 37 divide 1198?
False
Is 24 a factor of 828?
False
Does 22 divide 31614?
True
Is 11289 a multiple of 156?
False
Is 70 a factor of 470?
False
Is 32228 a multiple of 238?
False
Is 19 a factor of 334?
False
Is 96 a multiple of 3?
True
Is 181 a factor of 16652?
True
Is 35 a factor of 455?
True
Is 9 a factor of 86?
False
Is 4973 a multiple of 36?
False
Does 18 divide 112?
False
Is 7 a factor of 112?
True
Does 7 divide 931?
True
Is 24 a multiple of 6?
True
Is 11431 a multiple of 161?
True
Is 2085 even?
False
Does 10 divide 6020?
True
Does 34 divide 22254?
False
Is 132987 a multiple of 40?
False
Is 58346 a multiple of 163?
False
Is 2200 a multiple of 25?
True
Is 183 a multiple of 22?
False
Is 14 a factor of 630?
True
Does 199 divide 127574?
False
Is 1040 a multiple of 23?
False
Is 17 a factor of 13005?
True
Is 18 a factor of 1366?
False
Is 38 a factor of 7299?
False
Does 11 divide 1727?
True
Does 5 divide 7419?
False
Does 28 divide 212?
False
Is 3485 a multiple of 18?
False
Does 18 divide 419?
False
Is 462 a multiple of 66?
True
Does 26 divide 858?
True
Is 23 even?
False
Is 57992 a multiple of 8?
True
Is 15048 a multiple of 36?
True
Is 2193 a multiple of 17?
True
Is 6468 a multiple of 132?
True
Is 3912 a multiple of 8?
True
Is 828 a multiple of 46?
True
Does 23 divide 3749?
True
Is 825 a multiple of 32?
False
Does 36 divide 1880?
False
Is 259 a factor of 25123?
True
Is 30647 a multiple of 16?
False
Is 2027 a multiple of 11?
False
Is 35 a factor of 1365?
True
Is 145 a multiple of 29?
True
Is 781 a multiple of 71?
True
Does 3 divide 1692?
True
Is 6276 a multiple of 10?
False
Does 14 divide 168?
True
Does 24 divide 358?
False
Is 103 a factor of 2472?
True
Does 132 divide 818?
False
Does 48 divide 528?
True
Does 28 divide 2744?
True
Is 3 a factor of 312?
True
Is 116 a factor of 26796?
True
Does 14 divide 770?
True
Does 7 divide 5719?
True
Is 316 a multiple of 69?
False
Does 13 divide 100530?
False
Is 48 a factor of 2656?
False
Is 46 a factor of 840?
False
Does 55 divide 4015?
True
Is 21 a factor of 1260?
True
Does 188 divide 20680?
True
Does 56 divide 18647?
False
Does 17 divide 731?
True
Does 53 divide 333?
False
Does 6 divide 2903?
False
Does 4 divide 536?
True
Does 140 divide 2738?
False
Is 300 a multiple of 2?
True
Does 19 divide 66745?
False
Is 51 a factor of 73486?
False
Is 83 a factor of 85324?
True
Does 23 divide 4193?
False
Does 46 divide 397?
False
Is 210 a multiple of 6?
True
Is 32770 a multiple of 113?
True
Is 251 a multiple of 26?
False
Is 16 a factor of 71371?
False
Is 28 a factor of 6748?
True
Is 43 a factor of 1075?
True
Is 33 a multiple of 12?
False
Does 44 divide 8800?
True
Is 77 a multiple of 20?
False
Is 146142 a multiple of 414?
True
Is 4368 a multiple of 28?
True
Does 8 divide 1944?
True
Is 18 a factor of 1026?
True
Is 64 a factor of 192?
True
Is 4 a factor of 581?
False
Does 22 divide 54720?
False
Does 22 divide 15388?
False
Does 31 divide 260?
False
Is 11525 a multiple of 111?
False
Is 11 a factor of 1122?
True
Is 29 a factor of 54007?
False
Is 2 a factor of 279?
False
Does 42 divide 1302?
True
Does 43 divide 1290?
True
Is 17 a factor of 714?
True
Is 11 a factor of 4506?
False
Is 7 a factor of 1176?
True
Is 26 a factor of 1066?
True
Is 336 a multiple of 24?
True
Is 4504 a multiple of 3?
False
Is 4587 a multiple of 139?
True
Does 128 divide 54128?
False
Is 18900 a multiple of 90?
True
Is 14012 a multiple of 62?
True
Does 2 divide 8325?
False
Is 14941 a multiple of 67?
True
Does 16 divide 9904?
True
Does 7 divide 994?
True
Is 400 a multiple of 100?
True
Is 23 a factor of 884?
False
Is 63 a factor of 9885?
False
Does 83 divide 1243?
False
Does 7 divide 154?
True
Does 67 divide 1407?
True
Does 28 divide 4480?
True
Does 37 divide 4773?
True
Is 48195 a multiple of 21?
True
Is 11 a factor of 6039?
True
Does 8 divide 20559?
False
Does 14 divide 1148?
True
Is 27 a factor of 3267?
True
Is 2958 a multiple of 102?
True
Is 14 a factor of 572?
False
Is 1010 a multiple of 13?
False
Does 8 divide 245?
False
Does 24 divide 34656?
True
Is 888 a multiple of 37?
True
Does 26 divide 31131?
False
Is 20 a factor of 9500?
True
Is 972 a multiple of 18?
True
Does 28 divide 32982?
False
Is 6012 a multiple of 36?
True
Does 59 divide 1947?
True
Is 12 a factor of 19824?
True
Is 34 a factor of 12643?
False
Does 14 divide 31514?
True
Is 64 a factor of 27780?
False
Is 5198 a multiple of 16?
False
Is 14634 a multiple of 27?
True
Does 43 divide 645?
True
Does 9 divide 26793?
True
Is 6 a factor of 8412?
True
Is 264 a multiple of 4?
True
Is 1390 a multiple of 13?
False
Does 30 divide 5610?
True
Does 44 divide 406?
False
Does 56 divide 29641?
False
Does 165 divide 107745?
True
Is 16 a factor of 32130?
False
Is 860 a multiple of 20?
True
Is 46 a factor of 8786?
True
Is 8778 a multiple of 31?
False
Is 120 a factor of 971?
False
Is 21 a factor of 11434?
False
Is 554 a multiple of 9?
False
Is 20 a factor of 4226?
False
Does 56 divide 2365?
False
Is 438 a multiple of 3?
True
Is 3 a factor of 369?
True
Is 1273 a multiple of 23?
False
Is 74 a factor of 24444?
False
Is 935 a multiple of 17?
True
Is 25 a factor of 1874?
False
Is 4606 a multiple of 92?
False
Does 12 divide 14616?
True
Is 146 a factor of 3616?
False
Is 19 a factor of 1634?
True
Does 25 divide 2914?
False
Does 82 divide 7298?
True
Does 49 divide 6958?
True
Is 19 a factor of 967?
False
Is 7 a factor of 120?
False
Does 30 divide 1140?
True
Is 1440 a multiple of 18?
True
Does 3 divide 2800?
False
Does 14 divide 1052?
False
Is 14 a factor of 213164?
True
Does 12 divide 34557?
False
Is 17328 a multiple of 16?
True
Is 37 a factor of 59855?
False
Is 6058 a multiple of 9?
False
Is 29 a factor of 1508?
True
Is 5795 a multiple of 19?
True
Is 22467 a multiple of 22?
False
Does 88 divide 15568?
False
Does 7 divide 3057?
False
Is 51 a factor of 21159?
False
Is 2788 a multiple of 34?
True
Is 172 a factor of 5532?
False
Does 65 divide 3560?
False
Is 10 a factor of 910?
True
Is 5200 a multiple of 4?
True
Is 3015 a multiple of 16?
False
Is 6016 a multiple of 94?
True
Does 21 divide 19779?
False
Is 306 a factor of 31824?
True
Is 134 a multiple of 7?
False
Is 138 a factor of 5796?
True
Is 85 a factor of 2720?
True
Does 56 divide 297?
False
Is 3549 a multiple of 21?
True
Does 29 divide 2088?
True
Does 3 divide 1823?
False
Is 50568 a multiple of 129?
True
Is 568 a multiple of 8?
True
Does 6 divide 608?
False
Does 285 divide 57410?
False
Is 1305 a multiple of 45?
True
Does 33 divide 2079?
True
Does 49 divide 980?
True
Is 246 a multiple of 11?
False
Is 10 a factor of 1927?
False
Is 62440 a multiple of 280?
True
Is 333 a multiple of 16?
False
Does 71 divide 9209?
False
Does 72 divide 5112?
True
Is 832 a multiple of 32?
True
Is 78492 a multiple of 124?
True
Does 9 divide 16037?
False
Is 1468 a multiple of 10?
False
Does 3 divide 27?
True
Is 14 a factor of 1890?
True
Does 14 divide 1466?
False
Is 246 a multiple of 10?
False
Is 598 a multiple of 6?
False
Is 27577 a multiple of 109?
True
Is 62 a factor of 1426?
True
Is 6 a factor of 146?
False
Is 71 a factor of 497?
True
Is 18 a factor of 22090?
False
Is 7968 a multiple of 12?
True
Is 12 a factor of 337?
False
Is 295 a multiple of 25?
False
Is 10 a factor of 2577?
False
Is 3249 a multiple of 37?
False
Is 18 a factor of 71532?
True
Does 2 divide 13010?
True
Does 410 divide 103320?
True
Is 14797 a multiple of 14?
False
Is 85 a multiple of 7?
False
Is 12 a factor of 510?
False
Is 15 a factor of 35667?
False
Is 96 a factor of 2112?
True
Does 11 divide 48866?
False
Is 58 a factor of 597?
False
Does 50 divide 15950?
True
Is 3 a factor of 95?
False
Is 3 a factor of 2342?
False
Is 8190 a multiple of 10?
True
Is 541 even?
False
Is 552 a multiple of 69?
True
Does 9 divide 15509?
False
Is 89 a factor of 1053?
False
Is 759 a multiple of 8?
False
Is 14276 a multiple of 83?
True
Is 6084 a multiple of 39?
True
Is 60 a multiple of 6?
True
Does 255 divide 2342?
False
Does 3 divide 144?
True
Does 19 divide 615?
False
Does 17 divide 5576?
True
Is 993 a multiple of 100?
False
Is 1905 even?
False
Is 419 a multiple of 22?
False
Is 6128 a multiple of 16?
True
Is 15259 a multiple of 83?
False
Does 21 divide 1221?
False
Is 30 a factor o